ulate m(-10).
-8
Let n(m) = -m**3 + 5*m**2 + m + 26. Give n(6).
-4
Let x(m) = 4530*m - 27202. Calculate x(6).
-22
Let g(d) = -d**2 - 62*d + 568. Determine g(8).
8
Let n(v) = 9*v + 94. What is n(-6)?
40
Let g(m) = 20335*m + 264362. What is g(-13)?
7
Let t(k) = 2247*k - 4502. Calculate t(2).
-8
Let d(r) = r**3 + 25*r**2 + 93*r + 16. Determine d(-21).
-173
Let a(y) = 665*y - 3978. What is a(6)?
12
Let q(f) = 342*f**2 + 21*f - 24. What is q(1)?
339
Let x(u) = 1756*u + 10549. Determine x(-6).
13
Let m(g) = 26*g + 54. Determine m(-2).
2
Let l(k) = k**3 - 79*k**2 + 350*k + 1487. Calculate l(74).
7
Let q(h) = 9*h**3 - 3*h**2 - 103*h + 104. Calculate q(1).
7
Let n(b) = -7*b**3 + 70*b**2 + 4*b - 45. Determine n(10).
-5
Let b(q) = -q**2 - 36*q + 7. Give b(-5).
162
Let b(n) = 156*n + 7000. What is b(-45)?
-20
Let o(f) = 2*f**2 - 16*f - 19. What is o(0)?
-19
Let i(f) = f**3 + 25*f**2 - 25*f - 193. What is i(-26)?
-219
Let d(y) = -156*y + 5617. Calculate d(36).
1
Let t(l) = 3*l**2 - 12*l - 298. Determine t(-8).
-10
Let f(w) = 193*w - 187. Calculate f(1).
6
Let u(f) = -f**3 - 18*f**2 + 63*f - 60. Give u(-21).
-60
Let k(c) = -6*c**2 - 345*c - 302. Give k(-57).
-131
Let i(n) = -n**3 - 14*n**2 - 28*n + 81. Determine i(-10).
-39
Let c(k) = 2*k**3 - 109*k**2 - 57*k + 106. Calculate c(55).
-4
Let a(u) = -11*u + 76. Determine a(5).
21
Let i(b) = 492*b + 147108. Give i(-299).
0
Let x(n) = 46*n + 1576. Determine x(-34).
12
Let y(h) = 5*h**2 + 5*h - 20. Give y(2).
10
Let f(p) = -2*p**2 - 328*p - 9214. Give f(-128).
2
Let w(p) = -p**3 - 39*p**2 - 354*p - 111. What is w(-25)?
-11
Let y(x) = 8*x - 47. Give y(11).
41
Let a(n) = 3*n**2 + 72*n - 3451. Determine a(24).
5
Let q(t) = -t**3 - t**2 + 6*t + 42. What is q(-5)?
112
Let x(y) = 2*y**3 + 11*y**2 + 14*y - 5. Determine x(-6).
-125
Let a(z) = -2*z**3 - 78*z**2 + 163*z - 95. Give a(-41).
-54
Let f(z) = -3*z**2 - 21*z + 4. Calculate f(-6).
22
Let y(m) = 3*m**2 + 317*m - 14764. Calculate y(35).
6
Let t(d) = -6*d**2 - 55*d + 268. Calculate t(4).
-48
Let n(c) = -3*c**3 + 24*c**2 - 11. Calculate n(8).
-11
Let k(i) = -3*i**3 - 26*i**2 + i - 95. Give k(-9).
-23
Let j(d) = 47*d + 2380. What is j(-62)?
-534
Let s(n) = 7*n**2 + 167*n - 28. Determine s(-24).
-4
Let m(j) = 132*j - 481. Give m(4).
47
Let k(d) = 1124*d + 6672. What is k(-6)?
-72
Let f(q) = -5*q**2 - 13*q - 32. Calculate f(-5).
-92
Let g(u) = 82*u - 831. Calculate g(10).
-11
Let j(y) = 74*y + 921. Determine j(-14).
-115
Let j(o) = o**2 - 116*o + 3319. What is j(60)?
-41
Let n(i) = -14411*i + 28818. Calculate n(2).
-4
Let v(l) = -3*l**3 - 70*l**2 - 351*l + 18. Give v(-16).
2
Let m(c) = 87*c - 4681. What is m(54)?
17
Let y(u) = 10*u**2 + 23*u - 57. Give y(2).
29
Let y(t) = -11*t**2 + 6*t + 66. What is y(-4)?
-134
Let h(k) = -291*k - 9608. Calculate h(-33).
-5
Let i(y) = 17*y**3 + 66*y**2 + 32. Give i(-4).
0
Let p(c) = 4*c**2 + 29*c + 48. Determine p(-4).
-4
Let l(h) = -h**2 - 31*h + 319. Calculate l(13).
-253
Let p(j) = -3*j**2 - 7*j + 2. Determine p(-10).
-228
Let z(d) = d**3 + 12*d**2 + 41*d + 48. What is z(-11)?
-282
Let t(u) = -5*u + 236. Calculate t(43).
21
Let o(b) = b**3 - b**2 - 56*b - 13. What is o(7)?
-111
Let f(b) = b**3 - 26*b**2 - 5*b + 114. Calculate f(26).
-16
Let n(k) = 4*k**2 + 29*k + 6. Calculate n(-10).
116
Let z(x) = -471*x + 7096. What is z(15)?
31
Let i(y) = -y**2 + 186*y - 724. Determine i(4).
4
Let g(q) = 9*q**3 - 101*q + 102. Calculate g(1).
10
Let d(k) = -325*k + 2822. What is d(8)?
222
Let r(p) = -130*p**3 - p**2 + 6*p - 6. Give r(1).
-131
Let h(i) = -3*i**2 + 2*i + 17. What is h(-7)?
-144
Let s(x) = -5*x + 232. Give s(-47).
467
Let x(m) = -2*m**2 - 19*m + 10. What is x(-7)?
45
Let h(k) = -15*k**2 + 214. Give h(0).
214
Let f(j) = -28*j**3 - 3*j**2 - j - 5. What is f(-2)?
209
Let u(r) = 16*r - 64. What is u(9)?
80
Let g(p) = 2*p + 51. Determine g(-19).
13
Let p(s) = 18*s**3 - 3*s**2 + 3*s - 2. What is p(1)?
16
Let x(n) = n**3 + 36*n**2 - 71*n + 216. Give x(-38).
26
Let y(c) = -2*c**3 + 39*c**2 + 13*c + 6. Give y(20).
-134
Let s(y) = y**2 - 47*y + 345. What is s(8)?
33
Let b(p) = -p**3 + 17*p**2 - 33*p + 46. Give b(15).
1
Let v(r) = -2*r**2 + 82*r + 364. Determine v(-4).
4
Let r(c) = c**2 + 10*c. Determine r(-12).
24
Let i(f) = 9*f - 38. Calculate i(3).
-11
Let x(z) = -8*z**3 + 62*z**2 + 21*z - 46. Give x(8).
-6
Let q(b) = b**3 - 2*b**2 + 428*b - 3184. Determine q(7).
57
Let y(j) = -32*j + 3642. Give y(114).
-6
Let m(v) = v**2 - 859*v + 183923. Determine m(406).
5
Let v(t) = 3*t**3 - 32*t**2 - 69. Give v(11).
52
Let x(o) = 4*o**2 + 196*o - 111. Determine x(-50).
89
Let c(s) = 556*s + 2233. Give c(-4).
9
Let b(m) = m**3 + m**2 - 287*m - 1078. What is b(-4)?
22
Let p(d) = -26*d - 420. Give p(-5).
-290
Let k(h) = h**2 + 14*h + 67. What is k(-7)?
18
Let d(x) = -2*x**3 + 21*x**2 + 23*x - 133. Calculate d(11).
-1
Let l(a) = -293*a - 1188. What is l(-4)?
-16
Let r(s) = 3*s**3 - 5*s**2 - 6*s - 4. Determine r(3).
14
Let u(m) = m**3 + 7*m**2 - 9*m - 43. Give u(-10).
-253
Let i(j) = j**2 - 127*j + 3033. Determine i(95).
-7
Let h(o) = 9*o + 75. Determine h(-20).
-105
Let u(o) = -3*o + 215. What is u(-25)?
290
Let f(d) = d**3 - 143*d**2 - 123*d - 3025. Calculate f(144).
-1
Let r(m) = -2*m**3 + 21*m**2 + 60*m - 784. Calculate r(9).
-1
Let n(g) = -9*g**2 - 67*g - 96. Determine n(-5).
14
Let g(y) = 37*y + 227. What is g(-5)?
42
Let d(h) = h**2 - 87*h + 252. Calculate d(84).
0
Let y(r) = r**2 + 30*r - 11660. What is y(-124)?
-4
Let y(h) = h**3 + 34*h**2 + 64*h - 32. Determine y(-32).
-32
Let c(r) = 8*r**2 + 12*r + 25. Calculate c(-6).
241
Let x(n) = -2*n**3 - 9*n**2 - 18*n - 27. Calculate x(-4).
29
Let m(i) = -i**2 - 370*i + 60021. Give m(122).
-3
Let c(x) = 47*x - 1257. What is c(25)?
-82
Let f(t) = 2*t**3 + 16*t**2 + 7*t - 14. Give f(-7).
35
Let m(d) = d**2 + 13*d - 375. What is m(16)?
89
Let v(g) = 102*g + 42. Determine v(-1).
-60
Let o(c) = 2*c**2 + 690*c + 3400. Calculate o(-5).
0
Let d(b) = 2*b**2 + 35*b - 2392. Give d(-44).
-60
Let v(a) = -a**3 - 10*a**2 + 42*a + 5. Determine v(-12).
-211
Let d(w) = 157*w + 1540. Determine d(-10).
-30
Let x(l) = -l**3 + 2*l**2 + 42*l - 139. Determine x(5).
-4
Let m(j) = j**3 + 9*j**2 + 34*j + 152. Determine m(-8).
-56
Let l(v) = 2*v**2 + 134*v - 5314. Determine l(-95).
6
Let d(t) = -t**3 + 152*t**2 - 4256*t + 28. What is d(37)?
-9
Let u(a) = a**3 - 59*a**2 - 216*a + 5725. Determine u(61).
-9
Let n(h) = -6*h**2 - 50*h + 14. What is n(0)?
14
Let s(x) = 2*x**2 + 81*x + 16. Determine s(-40).
-24
Let n(j) = -j**3 + 31*j**2 - 229*j - 85. Calculate n(18).
5
Let p(v) = 18*v + 228. Give p(-9).
66
Let i(d) = -2*d**2 + 652*d - 1954. Determine i(3).
-16
Let a(x) = x**3 - 14*x**2 + 65*x - 1561. Calculate a(16).
-9
Let x(o) = o**2 - 10*o + 7. Give x(5).
-18
Let b(n) = n**3 + 22*n**2 - 18*n + 203. Calculate b(-23).
88
Let b(g) = 2*g**3 - 11*g**2 + 19*g + 14. What is b(3)?
26
Let q(d) = -102*d - 286. Determine q(-3).
20
Let w(z) = -2*z**3 + 54*z**2 + 173*z - 4675. Calculate w(27).
-4
Let r(h) = -h**3 + 31*h**2 - 132*h + 39. Determine r(26).
-13
Let a(o) = -182*o + 833. Determine a(5).
-77
Let m(c) = -96*c - 60. Determine m(-2).
132
Let p(y) = y**2 - 56*y + 844. Give p(30).
64
Let t(z) = 129*z + 1287. Calculate t(-10).
-3
Let i(d) = 4*d + 81. Determine i(0).
81
Let d(n) = -120*n**2 - 848*n - 767. What is d(-6)?
1
Let f(x) = 3*x**3 - 4*x**2 - 14*x + 46. Give f(6).
466
Let d(h) = -3*h**3 - 67*h**2 + 45*h - 33. Determine d(-23).
-10
Let r(m) = 57*m**2 - 1953*m - 16. Determine r(34).
-526
Let w(i) = i**2 - 31*i + 248. What is w(21)?
38
Let w(k) = 5*k**2 - 161*k + 29. Give w(23).
-1029
Let y(v) = 116*v + 26216. Determine y(-226).
0
Let x(i) = 10*i**2 + 51*i. Determine x(0).
0
Let n(v) = -11*v + 131. Give n(32).
-221
Let h(f) = -147*f - 1763. Calculate h(-12).
1
Let d(h) = 110*h - 56. Calculate d(1).
54
Let x(f) = -4*f**3 - 323*f**2 - 253*f - 1047. Calculate x(-80).
-7
Let x(f) = -5*f**2 + 14*f - 93. What is x(8)?
-301
Let r(f) = 276*f - 1382. Determine r(5).
-2
Let t(s) = s**3 + 4*s**2 - 91*s - 363. What is t(-4)?
1
Let p(k) = -352*k**2 - 2111*k - 4. Calculate p(-6).
-10
Let r(u) = u**3 + 13*u**2 - 17*u + 34. Give r(-10).
504
Let y(l) = -24*l - 116. Calculate y(-5).
4
Let v(z) = z**3 - 114*z**2 + 379*z - 5103. Determine v(111).
3
Let n(a) =